{"id":275,"date":"2020-06-22T13:09:14","date_gmt":"2020-06-22T11:09:14","guid":{"rendered":"https:\/\/urbascan.com\/?post_type=product&#038;p=275"},"modified":"2020-06-24T09:48:27","modified_gmt":"2020-06-24T07:48:27","slug":"urbaplus","status":"publish","type":"product","link":"https:\/\/urbascan.com\/index.php\/product\/urbaplus\/","title":{"rendered":"URBAplus"},"content":{"rendered":"<p class=\"subtitle\"><big>Besoin de savoir si un projet d&rsquo;urbanisme est r\u00e9alisable ? conforme ?<\/big><\/p>\n<ul>\n<li><strong>Apr\u00e8s transmission du dossier de permis :<\/strong><\/li>\n<li><strong>Nous vous r\u00e9digeons une consultation juridique<\/strong><\/li>\n<li><strong>Avec analyse de la conformit\u00e9 point par point<\/strong><\/li>\n<li><strong>Un audit complet permettant de r\u00e9fl\u00e9chir \u00e0 une \u00e9ventuelle proc\u00e9dure contentieuse<\/strong><\/li>\n<li><strong>Une \u00e9valuation fines des risques \/ chances de succ\u00e8s d&rsquo;une action en justice<\/strong><\/li>\n<li><strong>Lexique Juridique + m\u00e9mo des sigles et abr\u00e9viations + grille de lecture<\/strong><\/li>\n<\/ul>\n<p><strong>*Prestation sur devis<\/strong><\/p>\n<p>**Plafonn\u00e9 \u00e0 500 m\u00b2, au del\u00e0 les m\u00b2 ne sont pas factur\u00e9s<\/p>\n","protected":false},"excerpt":{"rendered":"<p>Un audit juridique sur mesure d&rsquo;un projet d&rsquo;urbanisme.<\/p>\n","protected":false},"featured_media":276,"template":"","meta":[],"product_cat":[25],"product_tag":[30,29],"_links":{"self":[{"href":"https:\/\/urbascan.com\/index.php\/wp-json\/wp\/v2\/product\/275"}],"collection":[{"href":"https:\/\/urbascan.com\/index.php\/wp-json\/wp\/v2\/product"}],"about":[{"href":"https:\/\/urbascan.com\/index.php\/wp-json\/wp\/v2\/types\/product"}],"wp:featuredmedia":[{"embeddable":true,"href":"https:\/\/urbascan.com\/index.php\/wp-json\/wp\/v2\/media\/276"}],"wp:attachment":[{"href":"https:\/\/urbascan.com\/index.php\/wp-json\/wp\/v2\/media?parent=275"}],"wp:term":[{"taxonomy":"product_cat","embeddable":true,"href":"https:\/\/urbascan.com\/index.php\/wp-json\/wp\/v2\/product_cat?post=275"},{"taxonomy":"product_tag","embeddable":true,"href":"https:\/\/urbascan.com\/index.php\/wp-json\/wp\/v2\/product_tag?post=275"}],"curies":[{"name":"wp","href":"https:\/\/api.w.org\/{rel}","templated":true}]}}